x**2 + 247*x - 2095. Determine s(229).
2027
Let p(l) = 136*l**2 - 214*l + 180. Give p(-4).
3212
Let m(w) = -w**2 - 119207*w + 834501. Give m(7).
3
Let h(k) = -2*k**2 + 2087*k + 36056. Calculate h(-17).
-1
Let k(f) = -15773*f + 31733. What is k(2)?
187
Let z(a) = -a**3 - 18*a**2 + 4664*a - 1242. What is z(-78)?
6
Let p(w) = w**3 + 46*w**2 - 490*w + 263. Give p(-55).
-12
Let h(d) = -2867*d + 3683. What is h(2)?
-2051
Let m(s) = -532*s + 63229. What is m(119)?
-79
Let d(r) = -r**3 + 41*r**2 + 6*r + 106. Give d(44).
-5438
Let p(z) = -432*z - 4176. Determine p(-9).
-288
Let z(x) = -3*x**3 + 48*x**2 - 15*x + 193. Give z(16).
-47
Let l(r) = 3*r**3 - 36*r**2 + 73*r + 72. Calculate l(4).
-20
Let p(k) = k**3 + 31*k**2 + 253*k + 51. Calculate p(-16).
-157
Let v(l) = 289*l + 13558. What is v(-47)?
-25
Let b(r) = -r**3 + 39*r**2 - 62*r + 26. What is b(8)?
1514
Let k(x) = 2364*x + 85174. Calculate k(-36).
70
Let o(h) = -72*h**3 + 32478*h**2 - 2707*h + 441. Determine o(451).
-10
Let m(x) = 14*x**2 - 23*x + 306. Determine m(11).
1747
Let x(r) = 1812*r - 132884. Calculate x(73).
-608
Let v(x) = 2*x**3 - 8*x**2 + 207*x - 1658. Determine v(7).
85
Let v(w) = w**2 + 31904*w - 31903. Calculate v(1).
2
Let x(z) = -180*z - 2145. Determine x(21).
-5925
Let u(a) = -76*a**2 + 1598*a + 788. What is u(21)?
830
Let u(j) = -65*j**2 - 374*j - 2606. What is u(-7)?
-3173
Let l(n) = -52*n - 932. Give l(0).
-932
Let m(l) = 1816*l + 81732. Determine m(-45).
12
Let z(v) = -147*v**2 + 571*v + 87. Give z(4).
19
Let z(d) = -d**3 + 45*d**2 + 1832*d + 1005. Determine z(71).
11
Let w(t) = t**3 + 66*t**2 + 94*t + 1278. What is w(-65)?
-607
Let n(u) = 322*u**3 - 3*u**2 - u - 1. Calculate n(1).
317
Let w(k) = -25*k**2 - 1714*k + 770. Determine w(-69).
11
Let b(f) = 6*f**2 - 30961*f - 92936. Give b(-3).
1
Let s(l) = -l**3 - 11*l**2 + 453*l - 2321. Give s(11).
0
Let p(o) = o**2 + 280*o - 7490. Determine p(25).
135
Let i(f) = -3*f**3 - 8*f**2 + 83*f - 43. Determine i(3).
53
Let t(u) = -2015*u - 461434. What is t(-229)?
1
Let n(f) = 6*f**2 + 297*f + 2589. What is n(-38)?
-33
Let t(k) = k**3 - 250*k**2 - 152480*k + 2731. Calculate t(535).
56
Let g(n) = -n**2 - 6*n + 5058. Give g(67).
167
Let t(l) = 8380*l + 7567139. Calculate t(-903).
-1
Let s(x) = -2*x**2 - 980784*x + 980783. Calculate s(1).
-3
Let l(s) = -15812*s - 158275. Give l(-10).
-155
Let q(j) = -j**3 + 169*j**2 + 1419*j - 675. Determine q(177).
-144
Let l(o) = 14*o**3 - 23*o**2 - 9*o + 6. Determine l(2).
8
Let c(y) = -1568*y + 22014. Calculate c(14).
62
Let v(x) = -55*x**2 - 226*x + 39. Determine v(-4).
63
Let l(p) = -399*p + 298850. What is l(749)?
-1
Let i(y) = -29*y - 18. Calculate i(24).
-714
Let f(r) = 5430*r - 27150. Give f(5).
0
Let s(n) = n**3 - 98*n**2 + 74*n + 2224. Determine s(97).
-7
Let i(h) = 13*h**3 + 210*h**2 + 49*h - 109. Determine i(-16).
-381
Let u(x) = 6*x**3 + 311*x**2 - 719*x - 34719. Calculate u(-52).
-35
Let t(i) = 5424*i + 1708539. Give t(-315).
-21
Let u(z) = 100*z**2 - 357*z - 2134. Calculate u(-6).
3608
Let x(d) = -2*d**2 + 144*d - 120. Calculate x(-4).
-728
Let l(s) = -s**3 + 201*s**2 - 1181*s + 2490. Determine l(195).
345
Let f(q) = -1541*q - 200442. Give f(-130).
-112
Let y(f) = 264*f + 52782. What is y(-200)?
-18
Let d(z) = 75*z**3 - 302*z**2 - 12*z + 70. What is d(4)?
-10
Let t(y) = 1341*y + 21563. What is t(-16)?
107
Let v(y) = -2*y**3 + 296*y**2 + 2026*y - 257464. Determine v(149).
8
Let s(v) = 5*v**2 + 2302*v + 6902. Calculate s(-3).
41
Let g(a) = 2765*a - 69259. Calculate g(25).
-134
Let c(s) = 14*s**2 + 5558*s - 16674. What is c(3)?
126
Let x(n) = 509*n + 27451. Give x(-54).
-35
Let r(g) = -33*g**2 + 740*g + 160. What is r(23)?
-277
Let d(g) = 478*g + 8106. What is d(-17)?
-20
Let z(m) = -319*m - 1417. Determine z(-6).
497
Let l(x) = 119*x**2 - 40461*x + 340. What is l(340)?
0
Let d(z) = -2*z**2 + 181*z - 2752. Give d(44).
1340
Let g(f) = -10592*f + 391885. What is g(37)?
-19
Let o(s) = -45*s**3 + 41*s**2 - 29*s - 13. Calculate o(1).
-46
Let l(i) = 2*i**2 - 130*i - 1123. Determine l(73).
45
Let i(d) = 3*d**3 + 1464*d**2 + 7251*d + 31. Give i(-5).
1
Let q(n) = -8*n**3 + 902*n**2 + 237*n - 1067. Calculate q(113).
176
Let c(x) = -x**3 - 12*x**2 + 142*x - 129. Give c(-20).
231
Let v(d) = 3057*d - 574693. Calculate v(188).
23
Let p(z) = 62*z**3 + 9053*z**2 + 130*z - 2342. What is p(-146)?
-6
Let i(x) = 29028*x + 25805891. Calculate i(-889).
-1
Let q(u) = -418794*u + 1. Give q(0).
1
Let r(i) = -119*i**2 + 3103*i - 239. Determine r(26).
-5
Let l(j) = j**3 - 18*j**2 - 45*j - 52. Determine l(21).
326
Let k(j) = -4*j**3 - 3*j**2 + 12*j - 27. What is k(4)?
-283
Let h(q) = -212970*q + 425908. Determine h(2).
-32
Let i(r) = -12*r**2 - 1494*r - 6039. Determine i(-4).
-255
Let z(o) = -30*o**3 - 13*o**2 - 10*o + 9. Determine z(-2).
217
Let w(r) = 2975*r + 133978. Give w(-45).
103
Let t(y) = 3291*y**2 + 11242*y + 4114. Give t(-3).
7
Let o(t) = 3*t**2 + 120*t - 1866. Determine o(-52).
6
Let r(c) = 2*c**2 - 322*c + 1143. Give r(150).
-2157
Let x(h) = -389885*h + 5848264. What is x(15)?
-11
Let t(b) = 41*b**2 - 8145*b - 2576. What is t(199)?
210
Let x(w) = w**3 + 191*w**2 - 10641*w - 4944. Calculate x(-236).
12
Let z(n) = 32679*n + 1372528. Calculate z(-42).
10
Let v(b) = b**3 - 9*b**2 + 27*b - 261. What is v(6)?
-207
Let d(v) = -1112*v + 5595. Calculate d(5).
35
Let j(s) = s**2 - 114*s + 764. Give j(8).
-84
Let s(y) = -y**3 + 235*y**2 + 454*y + 4758. Determine s(237).
18
Let b(w) = -6*w**3 - 37*w**2 + 353*w + 2144. What is b(-6)?
-10
Let o(u) = u**3 - 28*u**2 + 11*u + 178. Determine o(26).
-888
Let x(v) = -2*v**3 + 80*v**2 - 279*v - 7660. What is x(32)?
-204
Let b(n) = 1372*n - 12767. Determine b(10).
953
Let m(i) = 59*i - 3019. Give m(52).
49
Let b(u) = -u**2 - 1645*u - 305086. Determine b(-213).
-70
Let b(q) = -9*q**3 - 9*q**2 - 69*q + 462. Determine b(5).
-1233
Let h(y) = 521*y - 9767. Calculate h(20).
653
Let i(q) = -19*q**2 + 622*q - 70. What is i(36)?
-2302
Let a(p) = -33*p**2 - 313*p + 2831. Calculate a(9).
-2659
Let u(i) = -1046*i + 691250. Give u(661).
-156
Let a(p) = -103855*p - 6438990. Give a(-62).
20
Let k(s) = 53*s**3 + 425*s**2 + 33*s + 115. Calculate k(-8).
-85
Let t(q) = q**2 + 3537*q + 2890910. Determine t(-1282).
0
Let k(p) = -80*p**2 + 2454*p + 9050. Give k(34).
6
Let s(h) = -h**3 - 107*h**2 - 972*h - 129734. Determine s(-109).
-24
Let s(a) = a**3 - 55*a**2 + 264*a + 690. Calculate s(49).
-780
Let g(p) = 971*p**2 - 30105*p + 94. What is g(31)?
-30
Let j(f) = -10490*f - 1174879. Calculate j(-112).
1
Let o(f) = 29*f**2 + 687*f - 957. What is o(-25)?
-7
Let v(l) = -l**3 - l**2 - 403*l + 3797. What is v(8)?
-3
Let c(d) = -2*d**2 - 275*d - 5051. Determine c(-18).
-749
Let k(y) = -85*y**2 - 1396*y + 5597. Give k(4).
-1347
Let c(k) = 2*k**3 + 1018*k**2 + 6094*k - 39. What is c(-6)?
-387
Let n(i) = -11237*i - 1730514. Give n(-154).
-16
Let a(t) = 2*t**2 + 35*t + 155. Calculate a(-17).
138
Let i(b) = b**3 + b**2 + 53*b + 122. Determine i(-3).
-55
Let v(x) = -388*x - 5088. Give v(-13).
-44
Let p(h) = 2*h**3 + 21*h**2 + 17*h - 28. What is p(-7)?
196
Let x(k) = 510*k - 32547. Determine x(56).
-3987
Let t(o) = 7*o**3 + 2255*o**2 + 333*o + 3453. Calculate t(-322).
-89
Let u(i) = 3325*i - 814155. Give u(245).
470
Let f(u) = 99*u + 6191. What is f(-64)?
-145
Let i(k) = k**2 + 107*k - 9207. What is i(58)?
363
Let t(s) = 183996*s - 1287880. Determine t(7).
92
Let x(c) = -286*c + 37470. Determine x(131).
4
Let k(t) = 8528*t + 1002. Determine k(0).
1002
Let x(q) = -2*q**3 + 300*q**2 - 1714*q - 2030. Calculate x(144).
-14
Let r(z) = 156*z**2 + 1604*z + 2863. Calculate r(-8).
15
Let x(v) = -v**3 - 45*v**2 - 57*v - 650. Calculate x(-44).
-78
Let n(y) = 1787*y + 39263. Calculate n(-22).
-51
Let i(y) = 252*y + 12606. Give i(-56).
-1506
Let h(k) = -6*k**3 + 539*k**2 + 1199*k - 282. What is h(92)?
-6
Let l(p) = p**2 - 2273*p + 128583. What is l(58)?
113
Let u(j) = 2*j**3 + 73*j**2 - 16*j - 156. Give u(-37).
-933
Let a(k) = -2*k**2 + 115*k - 260. Give a(13).
897
Let q(b) = 7232*b + 361596. Give q(-50).
-4
Let w(o) = 2*o**3 - 66*o**2 - 36*o + 719. Calculate w(34).
1807
Let r(u) = 3*u**3 - 167*u**2 + 112*u - 378. Give r(55).
-268
Let q(z) = 3918*z - 2836636. Determine q(724).
-4
Let d(b) = 178658*b + 4823763. What is d(-2